irst derivative of -13*l**2/2 - 1. Let f = 9 + -10. What is u(f)?
13
Let i(j) = -5*j. Let z be i(-2). Suppose -b - b = z, -u - 5*b = 25. Let d(t) = 2 - 2*t**3 + 5*t**2 + t - 4*t**2 + t**3. Give d(u).
2
Let i(u) be the third derivative of -u**6/120 - 13*u**5/60 + 5*u**3/6 + 23*u**2 + u. Give i(-13).
5
Let p(h) be the second derivative of h**4/12 + 5*h**3/6 + 3*h**2 - 10*h. Give p(-6).
12
Let p(b) = -3*b**2 - 3*b - 1. Let q(h) = h**2 + h. Let l(z) = 2*p(z) + 7*q(z). Let k be (-4)/(-14) - (-24)/(-84). What is l(k)?
-2
Let w(a) = -a**3 - 1. Let v(z) = -z - 1. Let l(r) = -r**2 - 2*r. Let o be l(-2). Let s be v(o). Determine w(s).
0
Suppose -2 - 18 = -4*w, 17 = -3*y - 2*w. Let b be (-1)/2 - y/(-2). Let u(q) = 14*q + q**3 - 4 - 7*q - 3*q - 1 + 6*q**2. What is u(b)?
0
Suppose -4*w + 0 + 28 = 0. Let g(i) = i**2 - 8*i + 4. What is g(w)?
-3
Let n(s) = -7*s - 8. Let p(g) = 15*g + 16. Let u(z) = -13*n(z) - 6*p(z). Let i be (-7)/3*(-9)/(-3). Give u(i).
1
Suppose p + 3*p = 8. Let n(z) = 4*z - 5. Let j(u) = -3*u + 4. Let l(v) = -3*j(v) - 2*n(v). Give l(p).
0
Let y(m) = -2 + 18*m**2 - 5*m + 0 - 12*m**2 - m**3. Give y(4).
10
Let u(r) = -r + 1. Let n be 6/7*(-2 - -9). What is u(n)?
-5
Let m(y) be the second derivative of -y**6/720 - y**5/40 - y**4/6 + 8*y. Let k(x) be the third derivative of m(x). Determine k(0).
-3
Let f(t) = -t**2 + t. Let i(d) = 3 - 4*d + 5*d - 3*d + 2*d**2 + 0*d. Let j(b) = 3*f(b) + i(b). Determine j(-3).
-9
Let a(c) = -c**2 + 7*c - 2. Let l be a(3). Let j be 2/(-5) + 4/l. Let y(q) = q**2 + j*q**2 - 4*q + 0*q**2. What is y(4)?
0
Let u(r) = 10*r**2 - r - 1. Let m(s) = s - 3. Let a be m(2). What is u(a)?
10
Let m be 0/(2 + 0 + -1). Suppose -4*o + 2 - 17 = q, 2*q - 3*o - 14 = m. Let z(s) = -q - s + 6*s - 4*s + 2*s**2 - 2*s. Calculate z(2).
5
Let l(c) = 12*c**2 - c + 8. Let g(j) = -25*j**2 + 2*j - 17. Let t(r) = -6*g(r) - 13*l(r). What is t(-2)?
-28
Let o(s) = -5*s**2 + 14 + 10*s**2 - 7 - s - 6*s**2. Give o(0).
7
Suppose -6 - 2 = 2*r. Let s(n) = -n - 1. What is s(r)?
3
Suppose -i + 4 = -3. Suppose -2*z = -i*z + 25. Let w(r) = r**2 - 4*r - 5. Let k be w(z). Let f(c) = c - 5. Determine f(k).
-5
Let j(q) be the second derivative of -2*q**5/5 + q**4/6 + q**3/6 + 6*q. Determine j(-1).
9
Let n(q) = 5. Let u(v) = v. Let z(k) = -n(k) + 2*u(k). Determine z(6).
7
Let y be (-15 - -12) + (-18)/(-2). Let b(a) = -a**3 + 6*a**2 - a + 4. Determine b(y).
-2
Let q(g) = -3*g - 3. Suppose 17 = -5*f + 7. What is q(f)?
3
Let u(f) = -f**3 + 5*f**2 - 4*f - 5. Let z be (-32)/6*(-12)/16. Determine u(z).
-5
Let a(j) = -2*j - 9. Let x be a(-8). Suppose 2*d - 3 - x = 0. Suppose d = z + 4*b, -3*z + 5*b - 25 = 2*z. Let q(p) = -p**2 - 3*p - 4. Determine q(z).
-4
Let a(t) = t**3 - 5*t**2 + 2*t + 5. Let u(h) = -h**2 + 1. Let c(o) = a(o) - 6*u(o). Give c(-2).
-9
Let l(b) = b**3 - 6*b**2 + 2. Suppose 0 = -7*f + 2*f + 30. Let o be l(f). Let q(r) = -6*r**2 - r + o - 3*r - r**3 + 0*r. What is q(-5)?
-3
Let w(y) = 0 + 59*y - 58*y - 1 - 2. What is w(-3)?
-6
Suppose c = 9 - 4. Suppose -3*p + 20 = c. Let z(m) be the first derivative of m**4/4 - 2*m**3 + 2*m**2 + 7*m + 2. Give z(p).
2
Let s be ((-4)/6)/((-4)/6). Let j(p) = p - 1. Calculate j(s).
0
Suppose -3*s = -z + 4, -2*z - 12 - 4 = 2*s. Let b(j) = j**3 + 4*j**2 - 3*j - 2. Determine b(z).
-12
Let k(j) = j**2 - j + 10. Suppose -2*c - 2 = -6. Suppose 0 = c*y - 0*y. Determine k(y).
10
Let q(m) be the first derivative of -m**4/12 - m**3/6 - m**2 + 3*m - 2. Let u(n) be the first derivative of q(n). Determine u(0).
-2
Let f(p) = 0*p**2 + 5 - p**2 + 8*p**2 + 6*p + 2*p - 8*p**2. Suppose 3*t - 34 = -3*g + 5*t, -2*g = -t - 21. Determine f(g).
5
Let j(n) = n + 13 - 17 + 11. Determine j(0).
7
Let k(v) = v - 10. Let r(g) = 4*g - 29. Let m(t) = -7*k(t) + 2*r(t). What is m(-6)?
6
Let w(c) be the first derivative of c**2/2 - 3*c - 6. Suppose 0 = -3*v - 3*n + 12, v - 4*n + 7*n = 12. Determine w(v).
-3
Suppose 3*j - 6*j + 9 = 0. Let g(w) = w - j + 4 + 5 - 4. What is g(-3)?
-1
Suppose -22 = -4*v - 58. Let s(j) = -j**2 + 2*j + 4. Let p(l) = 5*l**2 - 9*l - 16. Let d(i) = v*s(i) - 2*p(i). What is d(0)?
-4
Let z(f) = 0 - 4 - f - 8 + 0*f. Calculate z(-6).
-6
Let c(a) = 2*a. Let q(b) = b**2 + 1. Let g = -8 + 9. Let i(s) = -2*s + 1. Let r be i(1). Let x(t) = g*q(t) + r*c(t). Give x(1).
0
Let p(d) = -6*d - 35. Let s(h) = -2*h - 12. Let x(l) = -3*p(l) + 8*s(l). Determine x(-6).
-3
Suppose 3*p + 2*p + 5*d = -45, -33 = 2*p + 5*d. Let r(s) = -2*s - 6. What is r(p)?
2
Let q(y) = 0*y + 3 + 4 - y. Let t be 10 + (-4)/((-4)/(-5)). Determine q(t).
2
Let w(u) be the third derivative of u**5/20 + u**4/6 + u**3/2 - 12*u**2. Give w(-2).
7
Let p(u) = -9*u - 5. Let s(o) = -13*o - 8*o + 17*o + 1 - 4. Let m(c) = 3*p(c) - 7*s(c). Determine m(-5).
1
Suppose 0 = 2*w + 3*w + 2*f + 22, -3*w - 10 = -2*f. Let i(b) = -1 - 4*b**2 - b**3 + 0*b**3 + 2*b + 1. Give i(w).
-8
Let d(h) = -6*h**2 - 2*h - 1. Suppose i + 3*t = -13, 0*i - i = -3*t - 11. What is d(i)?
-5
Let w(g) = -g**3 + g**2 - g - 22. Let x be -3 + (16/2 - 2)/2. Determine w(x).
-22
Let d(c) be the third derivative of c**6/120 + 11*c**5/60 + 3*c**4/8 - 7*c**3/6 - 42*c**2. What is d(-10)?
3
Let g(s) = -s**2 - 1. Let h be (-1)/(-2 - -3) - 0. What is g(h)?
-2
Let u(m) = m**3 + 5*m**2 + 4*m - 1. Suppose -2*d - 10 = 0, 4*t - t = 5*d + 16. Determine u(t).
5
Let g(o) = -2*o - 4. Let h be g(-5). Let w(s) be the second derivative of -s**4/12 + s**3 - s**2 + 2*s. What is w(h)?
-2
Let s(r) be the first derivative of -r**3/3 + 5*r**2/2 - 6*r - 3. Give s(4).
-2
Let o(n) = -29*n. Let i(p) = -7*p. Let w(h) = 9*i(h) - 2*o(h). Let g(d) = 2*d + 2. Let x be g(0). Calculate w(x).
-10
Let t(u) = -u**3 - 7*u**2 + 13*u - 13. Let i(w) = -w + 1. Let a(v) = 6*i(v) + t(v). What is a(-8)?
1
Suppose -5*c + 2*p = -7, -c + p - 13 = -3*p. Let x(r) = -5*r**3 - 5*r**2 + 3*r**3 + c*r**3 + 4*r + 0*r**3. Calculate x(4).
0
Let x(y) = y + 2. Let v(d) = -d**2 + 8*d - 13. Let i(o) = -v(o) - x(o). Determine i(9).
11
Let z be -1*4/(-6) - (-68)/(-12). Let s(c) = -2*c - 5. Determine s(z).
5
Let b(l) = -2*l**3 + 2*l**2. Let q be (7 - 4) + 1*(-2)/2. Determine b(q).
-8
Let z(j) = j**2 - 7*j + 7. Suppose 0 = -3*n + 9, -4*v + 31 + 2 = 3*n. Let y be z(v). Let l = y + -3. Let p(h) = h**2 + 2. What is p(l)?
6
Let a(l) = 10 - l**3 - l**2 - 4 - 5. Suppose -5*p = -2*p. Determine a(p).
1
Let v(r) = -6*r**3 - 6*r**2 + 10. Let j(l) = 7*l**3 + 6*l**2 + l - 11. Let a(n) = 5*j(n) + 6*v(n). Calculate a(-7).
19
Let f(q) = -2*q - 6. Let n be (-155)/(-4) + 1/4. Suppose -3*h = -h + 8. Let m be (-201)/n + h/(-26). Give f(m).
4
Let l(u) be the first derivative of u**4/4 + 4*u**3/3 - 3*u**2 - 2*u + 16. Calculate l(-5).
3
Let w(b) be the first derivative of b**2/2 + 4*b + 4. What is w(3)?
7
Let i(z) = 6*z**2 + 1. Let t(k) = -k**3 - 6*k**2 + k + 3. Let m be t(-6). Let g be (6 - 1) + -3 + m. Calculate i(g).
7
Let p(i) be the first derivative of -i**6/120 - i**4/24 - i**3 + 3*i**2/2 + 3. Let g(l) be the second derivative of p(l). What is g(0)?
-6
Let h(z) = -z**3 - z**2 - 1. Let u(x) = -3*x**3 - 7*x**2 - 2. Let c(b) = 2*h(b) - u(b). Let s be 9/(-6) - (-7)/(-2). Calculate c(s).
0
Let g(a) = 73*a + 0 + 1 - 83*a. Calculate g(1).
-9
Let v be (-6)/27*-9 + 1. Let a(d) be the third derivative of d**4/12 + d**3/6 - d**2. Determine a(v).
7
Let m(q) be the first derivative of -1/2*q**2 + 1/2*q**4 - 3 + 2/3*q**3 - q. Let d(l) = l**2 + 4*l + 1. Let w be d(-3). Calculate m(w).
-7
Let p be 0/(-9)*(-1)/3. Let i(x) be the third derivative of 1/120*x**6 - 1/24*x**4 - 1/12*x**5 + 2*x**2 + 1/3*x**3 + 0 + p*x. Calculate i(5).
-3
Let x be (1 + 0)/1 - -10. Let k(h) = -x*h + 3 + 0*h - 3. Determine k(-1).
11
Let k(s) = -2*s**2 + 4*s - 1. Let m = -1 - -2. Let w(v) = v**2 - 2*v + 2. Let p be w(2). Let n = p + m. Give k(n).
-7
Let z(v) be the third derivative of v**6/120 - 7*v**5/60 + 5*v**4/24 + 4*v**3/3 - 11*v**2 + 2. Let m be (27/(-3))/((-3)/2). Determine z(m).
2
Let r be 4/6 - 7/(-3). Let o = -22 - -24. Suppose -3*l = 2*l - 2*s - o, 0 = -r*s - 3. Let c(k) = -k**2 - k - 4. Calculate c(l).
-4
Let o(w) = 2*w**3 + 2*w - 1. Suppose 0 = -4*s - s - 2*l + 7, -4*s - 4*l = 4. Suppose -s*i - 1 = -4*i. What is o(i)?
3
Let k be 0 - 3/(-2)*-2. Let n(d) = 4 - d**2 + 0*d**2 - 34*d + 15*d + 16*d. Give n(k).
4
Suppose z - 4 = -0*z. Let b(v